q + 12 = 0, 2*q = 5*n + 6*q. Let t(h) = 4*h + 2. Determine t(n).
-14
Let n(g) = 3*g**3 + 72*g**2 - 248*g - 27. Let s(y) = y**3 + 25*y**2 - 87*y - 9. Let l(f) = -6*n(f) + 17*s(f). Let r = -21 + 13. What is l(r)?
1
Let d be (-52)/(-8)*((-8)/(-2) - 6). Let l(a) = a + 9. Give l(d).
-4
Suppose j + j = 3*n - 36, 3*n - j = 33. Let a(v) = -4*v**2 - 70 + 2*v**2 - n*v + v**2 + 59. Calculate a(-8).
5
Let k(d) = 7*d**2 - 36 - 36 - 30 - 6*d**2 + 11*d + 112. Let x(s) = -5*s**2 - 6*s + 1. Let j be x(-2). Calculate k(j).
-18
Let s(m) = -5*m + 4. Suppose 4 = a - 36. Let r = a - 19. Suppose 0 = -f - 5, u + u - 3*f - r = 0. Calculate s(u).
-11
Let l(c) = c**3 - 21 + 4*c**2 - 5 + 18*c**2 - 1 - 23*c. Calculate l(-23).
-27
Let d(q) = q**3 - 2*q**2 + q + 2. Let v(g) = -2*g**3 + 4*g**2 - 2*g - 5. Let o(n) = 5*d(n) + 2*v(n). Let a(s) be the second derivative of o(s). What is a(4)?
20
Let j(p) = p - 6. Let t be j(12). Let v be (t/(-4))/((-21)/490*-5). Let l(o) = o + 2. Determine l(v).
-5
Let z be 5*(722/95)/19. Let b(v) = -2*v - 17. Give b(z).
-21
Let a(g) = g**3 - 6*g**2 - 3*g + 2. Let w be ((-105)/10)/((-5)/(-70)). Let k = 153 + w. What is a(k)?
-16
Let n(y) = 5*y - 7*y - 834*y**2 + 22*y - y**3 + 77 + 829*y**2. Determine n(-6).
-7
Let u(k) = -1282 + k**3 + k + 2576 - 1289. Suppose 4*n + 4*f + 6 = f, 10 = -5*n - 5*f. Determine u(n).
5
Let w be (1 + (-1)/(-5))/((-39)/(-65)). Let y be (-1 - (-10)/(-6))/((-38)/57). Let s(k) = -y*k + 74 - 2*k**3 - 71 + 5*k**3. What is s(w)?
19
Suppose 2*d = -3*d. Let h(q) = -q + 2*q**3 + 0 - 2 - 2*q**3 - 1735*q**2 + q**3 + 1734*q**2. Calculate h(d).
-2
Suppose 68*u + 18 = 66*u + 4*y, -5*y + 70 = -5*u. Let l(z) = -3*z - 24. Determine l(u).
33
Let a = -280 - -284. Suppose a = 11*u + 103. Let b(z) = -z - 3. Let f(h) = h + 4. Let w(p) = -4*b(p) - 5*f(p). Calculate w(u).
1
Suppose -5*o + 5*s + 190 = 0, s + 73 = 4*o - 82. Let k(n) = 2 - 34*n - o*n + 72*n. Give k(5).
-3
Let j(t) = -t**2 - 8*t. Suppose -x = -4*a + 168, a - 5*a = -2*x - 324. Let n = x - -148. Calculate j(n).
0
Let b(r) = r**2 + 9*r - 5. Let p be ((-5)/(-2))/(2/(-52)). Let y = p + 66. Suppose -3*i + y = 16. What is b(i)?
-25
Let w(q) be the third derivative of -q**4/12 + 3*q**3/2 - 7*q**2. Let j be (2/(-3))/(28/(-294)). Calculate w(j).
-5
Let g(t) = 281*t - 556*t + 60 + 271*t. Determine g(14).
4
Let n(h) = -h**2 - h - 1. Let m(k) = -5*k**2 + 4*k + 4. Let q(i) = m(i) - 4*n(i). Let z = -276 + 293. Suppose 5*t = z*t - 120. Determine q(t).
-12
Let z(d) = d**3 + 2*d + 1. Let b be -7*(-5 - 4/14). Let g = 50 - 85. Let x = b + g. What is z(x)?
13
Let y(x) = x**3 + 4*x**2 + 2*x - 9. Suppose -4*s = 4*d, -278*d = -281*d + 2*s - 20. Give y(d).
-17
Let i be 30/(-20)*(-4)/(-3). Let d(w) be the third derivative of w**5/30 + w**4/24 + w**3/3 - 25*w**2 + 51. Calculate d(i).
8
Suppose -8*n + 4*n - 4*r = -160, -68 = -2*n + 4*r. Suppose -3*b = -14 + n. Let q(u) = u + 11. Give q(b).
3
Suppose 4*n - 20 = -4*i, i + 1 = 2*n - 9. Let p(q) = -281*q + 201. Let h(r) = -39*r + 28. Let x(j) = 36*h(j) - 5*p(j). What is x(i)?
3
Let i(f) = -5*f**3 + f**2 - 13*f - 2. Let v(d) = -d**3 + d**2 - d + 1. Let y(c) = -i(c) + 6*v(c). Let l be (35 + 3 + -2)*1/6. What is y(l)?
14
Let j(a) be the third derivative of -a**4/24 - 29*a**3/6 - 48*a**2 - a + 29. Calculate j(2).
-31
Let y(i) = -i**2 + 5*i + 1. Let n be y(5). Let m(r) be the second derivative of 11*r**3/6 - 8466*r. Give m(n).
11
Let x = 51 - 45. Let c be 4/x*(-61 - -58). Let j(d) = -d**3 - 3*d**2 - 3*d - 3. Give j(c).
-1
Let y(c) = -33*c. Let t = -302 - -295. Let i be ((-1)/t)/(2/(-14)). What is y(i)?
33
Let k = -4024 - -4016. Let d(f) = -2*f - 19. What is d(k)?
-3
Let d(a) = -7*a + 10. Let k be d(3). Let n be k/(-6) - 15/(-90). Let v(x) = -n*x + 0*x**3 + 3 - 2*x + 10*x**2 - 4*x**2 + x**3. Determine v(-7).
-18
Let w(z) be the first derivative of -z**3/3 + 9*z**2/2 + 16*z + 2633. Let g be (-2)/((4/(-22))/1). Give w(g).
-6
Let o(z) = -845*z + 1695*z + 34 - 854*z. Determine o(10).
-6
Let a(b) = b**3 - 3*b**2 - 4*b + 1. Let m be a(4). Let w(q) be the first derivative of -8/3*q**3 + 12 + 0*q**2 + q. Give w(m).
-7
Let x be (-40)/(-140) + (-264)/(-56). Let v(q) = 11*q + 16. Give v(x).
71
Let l(g) be the third derivative of -7*g**4/24 - g**3/6 + 2*g**2 + 6*g + 38. Let a be 3/2*2/3. Suppose -4*h + 3*s + 1 = -a, -3*s = 5*h + 11. What is l(h)?
6
Let q(d) = -7*d - 20. Suppose -g - 5 = -6*g. Let x be g + -5 - 5/(-10)*4. Let i be q(x). Let a(n) = n + 5. Give a(i).
-1
Let y(h) be the third derivative of -h**6/120 - h**5/5 - h**4/2 + h**3/3 - 3*h**2. Let g = 9212 - 9223. Give y(g).
13
Let p(d) = 131*d - 122. Let u be p(1). Let c(w) = -2*w**2 + 17*w + 16. What is c(u)?
7
Let z(d) = 3*d**2 - 1. Let g(a) = -19*a**2 - 13*a - 8. Let f(k) = -g(k) - 6*z(k). Determine f(-15).
44
Let v(q) be the first derivative of 2*q**2 - 18*q + 63. Give v(12).
30
Suppose 0 = -35*z + 39*z - 212. Let v(m) = z + m**2 - 53 - 8*m. Let d(w) = w**3 + 11*w**2 - 14*w - 18. Let u be d(-12). Give v(u).
-12
Let k(j) = -j**2 - 11*j - 11. Let g = 365 - 137. Let i = 218 - g. Give k(i).
-1
Suppose 129*u - 87*u = 96 + 30. Let x(n) be the first derivative of -7 + 7*n + 3/2*n**2 + 1/4*n**4 - 7/3*n**u. Calculate x(6).
-11
Suppose 663 = 2*y - 2*u + 117, 3*y = -3*u + 789. Let l = 269 - y. Let q(b) = -32*b**3 - 2*b**2 + 2*b - 1. Determine q(l).
-33
Let z(c) = -6*c - 8. Suppose 4*o + h = -4, 27*o - 23*o + 5*h + 4 = 0. Determine z(o).
-2
Let o be (-644)/(-115)*(-10)/(-4). Let i(j) = 6*j - 12. Determine i(o).
72
Let y(t) = 3*t**2 - 15*t - 11. Let n(o) = 6 + 41*o - 2*o**2 + 26*o - 59*o. Let w(d) = 5*n(d) + 3*y(d). What is w(-5)?
-3
Let n be (1/24)/((-480)/108*(-33)/176). Let v(j) be the second derivative of -35*j - 2*j**2 + 0 - n*j**5 - 1/2*j**4 + 0*j**3. Calculate v(-6).
-4
Let l(s) = -s**3 + 8*s**2 - 6*s - 2. Suppose t - 3*b + 76 = -4*b, 20 = -4*b. Let k = 16 - t. Let w = 94 - k. Give l(w).
5
Let b(k) = 2. Let i(c) = c**2 - 17*c - 9. Let n(o) = 6*b(o) + i(o). Let h(y) = y**2 - 19*y + 4. Let x(q) = -5*h(q) + 6*n(q). Determine x(7).
-2
Let v(m) = -5*m**3 - 251*m**2 + 199*m - 247. Let n be v(-51). Let d(j) = -13*j + 2*j**2 - 6*j + 11 + 3*j. Determine d(n).
11
Let u be -1 + 14/10 - (-76)/10. Let q(x) = 13 + x**3 - 8 - 4*x - 3*x**2 - 4*x**2 - 15 + 1. What is q(u)?
23
Let a(g) = 3*g. Suppose -12 = 6*b - 12. Suppose 2*y - 8 + b = 0. Determine a(y).
12
Let p = 5388 + -5404. Let a(v) = v**2 + 13*v - 11. Calculate a(p).
37
Let s(x) = -2*x**2 + x**3 + 299 - 2*x - 299 - x**2 + x**2. Let t = -414 - -417. Determine s(t).
3
Let k(g) = -g - 1. Let t(s) = -17. Let y(w) = -3*k(w) - t(w). Let h = -91881 + 91877. Calculate y(h).
8
Let k(z) = z**2 + 20*z - 2. Let w be k(-17). Let g = 55 + w. Let x(m) = -2 - g*m - m + 3 - 2. Determine x(-1).
2
Let d(g) = -g**2 - 4*g + 7. Let m be 1/(-4)*-622 - 36/24. Suppose 8*p = 30*p + m. What is d(p)?
-14
Let x(s) = 237 - 368 - 27*s - 39*s + 93*s - 316. What is x(17)?
12
Let h(f) = f**2 + 5*f. Suppose -4 = -2*b, 3*j - b = 436 - 102. Suppose 2*u = 3*k - j, 4*u = -2*k + 113 - 17. Let o be (6/(-5))/(8/k). Give h(o).
6
Let i(n) = -2*n + 4. Suppose -25*w = 84 - 1759. Suppose 2*b + 75 = w. What is i(b)?
12
Let g(n) be the first derivative of n**4/4 - 4*n**3/3 - 4*n**2 - 5*n - 697. Give g(6).
19
Let b(k) = -10*k + 22*k - 5*k + 3. Let g(j) = -6*j - 2. Let s(o) = 4*b(o) + 5*g(o). Suppose -4*a = 5*i + 10, -17*i + 15*i + 5*a - 4 = 0. Determine s(i).
6
Let l = 1279 - 1271. Let x(a) = -4*a + 24. Give x(l).
-8
Let s(m) = 784*m + 781. Let f be s(-1). Let t(z) = 10*z + 24. Determine t(f).
-6
Let w(j) be the first derivative of -j**3/3 - 3*j**2 - 5*j + 1964. Suppose -2*v = 8 - 2. Determine w(v).
4
Let k(d) be the third derivative of d**6/60 + d**5/4 - 7*d**4/6 - d**3 - 36*d**2 - 31. Determine k(-9).
3
Let u(b) = b**2 + 2*b + 29. Let l be (36/24)/(9/(-24)) + 5 + -7. Calculate u(l).
53
Suppose 28 = z - 4*f, 3*z - 5*f - 506 = -464. Let n(a) be the third derivative of 2/15*a**5 + 23*a**2 + 0*a - a**3 - 3/8*a**z + 0 + 1/120*a**6. Give n(-9).
-6
Suppose 19529 = -3410*f - 21391. Let b(r) = 3 - 2*r**2 + 12*r + 3*r**2 + 4. Give b(f).
7
Let p(v) = -16*v - 48. Let w(i) = -30*i - 85. Let l(b) = 20*p(b) - 11*w(b). Calculate l(15).
125
Let y(l) be the third derivative of 0*l**3 + 0*l + 1/24*l**4 + 0 + 7*l**2. Determine y(-5).
-5
Let o(k) = 